{"id":3590,"date":"2020-06-01T13:47:15","date_gmt":"2020-06-01T16:47:15","guid":{"rendered":"http:\/\/tcforros.com.br\/?page_id=3590"},"modified":"2023-09-14T00:33:03","modified_gmt":"2023-09-14T03:33:03","slug":"servicos","status":"publish","type":"page","link":"http:\/\/tcforros.com.br\/index.php\/servicos\/","title":{"rendered":"Servi\u00e7os"},"content":{"rendered":"\t\t<div data-elementor-type=\"wp-page\" data-elementor-id=\"3590\" class=\"elementor elementor-3590\" data-elementor-post-type=\"page\">\n\t\t\t\t\t\t<div class=\"elementor-inner\">\n\t\t\t\t<div class=\"elementor-section-wrap\">\n\t\t\t\t\t\t\t\t\t<section class=\"elementor-section elementor-top-section elementor-element elementor-element-6128b670 elementor-section-boxed elementor-section-height-default elementor-section-height-default\" data-id=\"6128b670\" data-element_type=\"section\" data-settings=\"{&quot;_ha_eqh_enable&quot;:false}\">\n\t\t\t\t\t\t<div class=\"elementor-container elementor-column-gap-default\">\n\t\t\t\t\t\t\t<div class=\"elementor-row\">\n\t\t\t\t\t<div class=\"elementor-column elementor-col-100 elementor-top-column elementor-element elementor-element-3c17ff70\" data-id=\"3c17ff70\" data-element_type=\"column\">\n\t\t\t<div class=\"elementor-column-wrap elementor-element-populated\">\n\t\t\t\t\t\t\t<div class=\"elementor-widget-wrap\">\n\t\t\t\t\t\t<div class=\"elementor-element elementor-element-9b5c1f3 elementor-widget elementor-widget-heading\" data-id=\"9b5c1f3\" data-element_type=\"widget\" data-widget_type=\"heading.default\">\n\t\t\t\t<div class=\"elementor-widget-container\">\n\t\t\t<h1 class=\"elementor-heading-title elementor-size-default\">SERVI\u00c7OS ESPECIALIZADOS<\/h1>\t\t<\/div>\n\t\t\t\t<\/div>\n\t\t\t\t\t\t<\/div>\n\t\t\t\t\t<\/div>\n\t\t<\/div>\n\t\t\t\t\t\t\t\t<\/div>\n\t\t\t\t\t<\/div>\n\t\t<\/section>\n\t\t\t\t<section class=\"elementor-section elementor-top-section elementor-element elementor-element-5eaf427 elementor-section-boxed elementor-section-height-default elementor-section-height-default\" data-id=\"5eaf427\" data-element_type=\"section\" data-settings=\"{&quot;_ha_eqh_enable&quot;:false}\">\n\t\t\t\t\t\t<div class=\"elementor-container elementor-column-gap-default\">\n\t\t\t\t\t\t\t<div class=\"elementor-row\">\n\t\t\t\t\t<div class=\"elementor-column elementor-col-50 elementor-top-column elementor-element elementor-element-7b9dd761\" data-id=\"7b9dd761\" data-element_type=\"column\">\n\t\t\t<div class=\"elementor-column-wrap elementor-element-populated\">\n\t\t\t\t\t\t\t<div class=\"elementor-widget-wrap\">\n\t\t\t\t\t\t<div class=\"elementor-element elementor-element-764624b9 elementor-widget__width-initial elementor-widget elementor-widget-text-editor\" data-id=\"764624b9\" data-element_type=\"widget\" data-widget_type=\"text-editor.default\">\n\t\t\t\t<div class=\"elementor-widget-container\">\n\t\t\t\t\t\t\t\t<div class=\"elementor-text-editor elementor-clearfix\">\n\t\t\t\t<p>Na TC Forros, oferecemos uma gama completa de servi\u00e7os em constru\u00e7\u00e3o a seco para elevar sua experi\u00eancia de projeto. Nossos servi\u00e7os s\u00e3o cuidadosamente elaborados para unir qualidade, efici\u00eancia e inova\u00e7\u00e3o em cada etapa.<br><br><\/p>\n<p>Nossa equipe altamente especializada est\u00e1 pronta para transformar suas vis\u00f5es em realidade. Explore nossos servi\u00e7os abaixo e descubra como podemos elevar sua constru\u00e7\u00e3o a outro patamar.<br><br><\/p>\n<p><em><strong>Instala\u00e7\u00e3o de Forros:<\/strong><\/em>&nbsp; Transforme seus espa\u00e7os com forros modernos e funcionais. Nossos especialistas asseguram instala\u00e7\u00f5es precisas, criando ambientes esteticamente agrad\u00e1veis e confort\u00e1veis.<br><br><\/p>\n<p><em><strong>Divis\u00f3rias Inteligentes:&nbsp;<\/strong><\/em>Redefina seu espa\u00e7o com nossas divis\u00f3rias flex\u00edveis e eficientes. Elas se adaptam \u00e0s suas necessidades, otimizando a utiliza\u00e7\u00e3o do ambiente.<br><br><\/p>\n<p><em><strong>Revestimentos Especiais<\/strong><\/em><strong>:&nbsp;<\/strong>Adicione estilo e resist\u00eancia aos seus espa\u00e7os com nossos revestimentos especiais. Temos op\u00e7\u00f5es variadas para atender ao seu estilo e demandas pr\u00e1ticas.<br><br><\/p>\n<p><em><strong>Consultoria Personalizada:&nbsp;<\/strong><\/em>Sua vis\u00e3o \u00e9 importante para n\u00f3s. Nossa equipe de consultoria est\u00e1 pronta para fornecer orienta\u00e7\u00e3o especializada e ajud\u00e1-lo a tomar decis\u00f5es embasadas.<\/p>\n<p>Explore nossos servi\u00e7os e veja como podemos tornar seu projeto not\u00e1vel. Entre em contato para mais informa\u00e7\u00f5es e comece sua jornada na constru\u00e7\u00e3o a seco de forma excepcional.<\/p>\t\t\t\t\t<\/div>\n\t\t\t\t\t\t<\/div>\n\t\t\t\t<\/div>\n\t\t\t\t\t\t<\/div>\n\t\t\t\t\t<\/div>\n\t\t<\/div>\n\t\t\t\t<div class=\"elementor-column elementor-col-50 elementor-top-column elementor-element elementor-element-714fbff4\" data-id=\"714fbff4\" data-element_type=\"column\">\n\t\t\t<div class=\"elementor-column-wrap elementor-element-populated\">\n\t\t\t\t\t\t\t<div class=\"elementor-widget-wrap\">\n\t\t\t\t\t\t<div class=\"elementor-element elementor-element-5292d558 elementor-widget elementor-widget-image\" data-id=\"5292d558\" data-element_type=\"widget\" data-widget_type=\"image.default\">\n\t\t\t\t<div class=\"elementor-widget-container\">\n\t\t\t\t\t\t\t\t<div class=\"elementor-image\">\n\t\t\t\t\t\t\t\t\t\t\t\t<img loading=\"lazy\" decoding=\"async\" width=\"750\" height=\"563\" src=\"http:\/\/tcforros.com.br\/wp-content\/uploads\/2023\/09\/image0.jpeg\" class=\"attachment-large size-large wp-image-4870\" alt=\"\" srcset=\"http:\/\/tcforros.com.br\/wp-content\/uploads\/2023\/09\/image0.jpeg 1024w, http:\/\/tcforros.com.br\/wp-content\/uploads\/2023\/09\/image0-300x225.jpeg 300w, http:\/\/tcforros.com.br\/wp-content\/uploads\/2023\/09\/image0-768x576.jpeg 768w\" sizes=\"(max-width: 750px) 100vw, 750px\" style=\"width:100%;height:75%;max-width:1024px\" \/>\t\t\t\t\t\t\t\t\t\t\t\t\t\t<\/div>\n\t\t\t\t\t\t<\/div>\n\t\t\t\t<\/div>\n\t\t\t\t\t\t<\/div>\n\t\t\t\t\t<\/div>\n\t\t<\/div>\n\t\t\t\t\t\t\t\t<\/div>\n\t\t\t\t\t<\/div>\n\t\t<\/section>\n\t\t\t\t\t\t\t\t\t<\/div>\n\t\t\t<\/div>\n\t\t\t\t\t<\/div>\n\t\t","protected":false},"excerpt":{"rendered":"<p>SERVI\u00c7OS ESPECIALIZADOS Na TC Forros, oferecemos uma gama completa de servi\u00e7os em constru\u00e7\u00e3o a seco para elevar sua experi\u00eancia de projeto. Nossos servi\u00e7os s\u00e3o cuidadosamente elaborados para unir qualidade, efici\u00eancia e inova\u00e7\u00e3o em cada etapa. Nossa equipe altamente especializada est\u00e1 pronta para transformar suas vis\u00f5es em realidade. Explore nossos servi\u00e7os abaixo e descubra como podemos&hellip; <a class=\"more-link\" href=\"http:\/\/tcforros.com.br\/index.php\/servicos\/\">Continuar lendo <span class=\"screen-reader-text\">Servi\u00e7os<\/span><\/a><\/p>\n","protected":false},"author":1,"featured_media":0,"parent":0,"menu_order":0,"comment_status":"closed","ping_status":"closed","template":"elementor_header_footer","meta":{"footnotes":""},"_links":{"self":[{"href":"http:\/\/tcforros.com.br\/index.php\/wp-json\/wp\/v2\/pages\/3590"}],"collection":[{"href":"http:\/\/tcforros.com.br\/index.php\/wp-json\/wp\/v2\/pages"}],"about":[{"href":"http:\/\/tcforros.com.br\/index.php\/wp-json\/wp\/v2\/types\/page"}],"author":[{"embeddable":true,"href":"http:\/\/tcforros.com.br\/index.php\/wp-json\/wp\/v2\/users\/1"}],"replies":[{"embeddable":true,"href":"http:\/\/tcforros.com.br\/index.php\/wp-json\/wp\/v2\/comments?post=3590"}],"version-history":[{"count":14,"href":"http:\/\/tcforros.com.br\/index.php\/wp-json\/wp\/v2\/pages\/3590\/revisions"}],"predecessor-version":[{"id":4880,"href":"http:\/\/tcforros.com.br\/index.php\/wp-json\/wp\/v2\/pages\/3590\/revisions\/4880"}],"wp:attachment":[{"href":"http:\/\/tcforros.com.br\/index.php\/wp-json\/wp\/v2\/media?parent=3590"}],"curies":[{"name":"wp","href":"https:\/\/api.w.org\/{rel}","templated":true}]}}